{"id":111,"date":"2009-11-19T17:17:54","date_gmt":"2009-11-19T16:17:54","guid":{"rendered":"http:\/\/teamup.at\/?page_id=111"},"modified":"2009-11-24T18:33:57","modified_gmt":"2009-11-24T17:33:57","slug":"christa-ebner","status":"publish","type":"page","link":"https:\/\/teamup.at\/?page_id=111","title":{"rendered":"Christa Ebner"},"content":{"rendered":"<p style=\"text-align: center;\"><img loading=\"lazy\" class=\"aligncenter size-full wp-image-104\" title=\"christa\" src=\"https:\/\/teamup.at\/wp-content\/uploads\/christa.jpg\" alt=\"christa\" width=\"103\" height=\"142\" \/><\/p>\n<p style=\"text-align: center;\"><strong><span style=\"color: #003399;\">Christas Lieblingszitat wird hier einmal Platz finden &#8211; sobald sie es uns mitteilt.<\/span><\/strong><\/p>\n<p><strong>Dr. Christine Ebner<\/strong><br \/>\nSelbst\u00e4ndige Unternehmensberaterin, Inhaberin von <a href=\"http:\/\/www.happywork.at\" target=\"_blank\">happywork Human Capital Management<\/a>, gesch\u00e4ftsf\u00fchrende Gesellschafterin von <a href=\"http:\/\/www.triaflex.at\" target=\"_blank\">TRIAFLEX<\/a> Innovative Sitz- und Gesundheitssysteme. Spezialisiert auf Potenzialanalysen, Coaching und Betriebliche Gesundheitsf\u00f6rderung.<\/p>\n<ul>\n<li>Wirtschaftsp\u00e4dagogin mit den Schwerpunkten Betriebsp\u00e4dagogik und<br \/>\nArbeitsrecht<\/li>\n<li>Doktorat f\u00fcr Sozial- und Wirtschaftwissenschaften<\/li>\n<li>NLP-Practitioner, NLP-Master, NLP-Coach<\/li>\n<li>Lehrt\u00e4tigkeit an der Fachhochschule Steyr<\/li>\n<\/ul>\n","protected":false},"excerpt":{"rendered":"<p>Christas Lieblingszitat wird hier einmal Platz finden &#8211; sobald sie es uns mitteilt. Dr. Christine Ebner Selbst\u00e4ndige Unternehmensberaterin, Inhaberin von happywork Human Capital Management, gesch\u00e4ftsf\u00fchrende Gesellschafterin von TRIAFLEX Innovative Sitz- und Gesundheitssysteme. Spezialisiert auf Potenzialanalysen, Coaching und Betriebliche Gesundheitsf\u00f6rderung. Wirtschaftsp\u00e4dagogin mit den Schwerpunkten Betriebsp\u00e4dagogik und Arbeitsrecht Doktorat f\u00fcr Sozial- und Wirtschaftwissenschaften NLP-Practitioner, NLP-Master, NLP-Coach Lehrt\u00e4tigkeit [&hellip;]<\/p>\n","protected":false},"author":1,"featured_media":0,"parent":74,"menu_order":1,"comment_status":"closed","ping_status":"closed","template":"","meta":[],"_links":{"self":[{"href":"https:\/\/teamup.at\/index.php?rest_route=\/wp\/v2\/pages\/111"}],"collection":[{"href":"https:\/\/teamup.at\/index.php?rest_route=\/wp\/v2\/pages"}],"about":[{"href":"https:\/\/teamup.at\/index.php?rest_route=\/wp\/v2\/types\/page"}],"author":[{"embeddable":true,"href":"https:\/\/teamup.at\/index.php?rest_route=\/wp\/v2\/users\/1"}],"replies":[{"embeddable":true,"href":"https:\/\/teamup.at\/index.php?rest_route=%2Fwp%2Fv2%2Fcomments&post=111"}],"version-history":[{"count":10,"href":"https:\/\/teamup.at\/index.php?rest_route=\/wp\/v2\/pages\/111\/revisions"}],"predecessor-version":[{"id":255,"href":"https:\/\/teamup.at\/index.php?rest_route=\/wp\/v2\/pages\/111\/revisions\/255"}],"up":[{"embeddable":true,"href":"https:\/\/teamup.at\/index.php?rest_route=\/wp\/v2\/pages\/74"}],"wp:attachment":[{"href":"https:\/\/teamup.at\/index.php?rest_route=%2Fwp%2Fv2%2Fmedia&parent=111"}],"curies":[{"name":"wp","href":"https:\/\/api.w.org\/{rel}","templated":true}]}}