{"id":109,"date":"2009-11-19T17:18:41","date_gmt":"2009-11-19T16:18:41","guid":{"rendered":"http:\/\/teamup.at\/?page_id=109"},"modified":"2009-11-24T18:20:15","modified_gmt":"2009-11-24T17:20:15","slug":"philipp-brand","status":"publish","type":"page","link":"https:\/\/teamup.at\/?page_id=109","title":{"rendered":"Philipp Brand"},"content":{"rendered":"<p style=\"text-align: center\"><img loading=\"lazy\" class=\"aligncenter size-full wp-image-102\" title=\"philipp\" src=\"https:\/\/teamup.at\/wp-content\/uploads\/philipp.jpg\" alt=\"philipp\" width=\"104\" height=\"141\" \/><\/p>\n<p style=\"text-align: center;\"><span style=\"color: #008000;\"><strong><span style=\"color: #003399;\">&#8222;Wo k\u00e4men wir hin, wenn alle sagten, wo k\u00e4men wir hin,<\/span><\/strong><\/span><span style=\"color: #008000;\"><strong><span style=\"color: #003399;\"> und <\/span><\/strong><\/span><span style=\"color: #008000;\"><strong><span style=\"color: #003399;\">keiner<br \/>\n<\/span><\/strong><\/span><span style=\"color: #008000;\"><strong><span style=\"color: #003399;\">ginge, um zu sehen, wohin wir k\u00e4men, wenn wir gingen?&#8220; <\/span><\/strong><\/span><\/p>\n<p><strong>Mag. Philipp Brand<br \/>\n<\/strong>Selbst\u00e4ndiger Unternehmensberater und Gr\u00fcnder der <a href=\"http:\/\/www.agentur-smile.at\" target=\"_blank\">Agentur SMILE<\/a>.<br \/>\nSpezialist f\u00fcr Mitarbeiterbefragungen und Organisationsdiagnosen.<\/p>\n<ul>\n<li>Betriebswirt mit den Schwerpunkten Marketing und Personalwirtschaft<\/li>\n<li>Weiterbildungen f\u00fcr berufliche Eignungsdiagnostik in \u00d6sterreich\/Schweiz<\/li>\n<li>Ausbildung zum systemischen Berater in Heidelberg<\/li>\n<li>Lektor am Institut f\u00fcr soziale Kompetenz an der Universit\u00e4t Linz<\/li>\n<li>Lehrt\u00e4tigkeit an der Fachhochschule Steyr<\/li>\n<\/ul>\n","protected":false},"excerpt":{"rendered":"<p>&#8222;Wo k\u00e4men wir hin, wenn alle sagten, wo k\u00e4men wir hin, und keiner ginge, um zu sehen, wohin wir k\u00e4men, wenn wir gingen?&#8220; Mag. Philipp Brand Selbst\u00e4ndiger Unternehmensberater und Gr\u00fcnder der Agentur SMILE. Spezialist f\u00fcr Mitarbeiterbefragungen und Organisationsdiagnosen. Betriebswirt mit den Schwerpunkten Marketing und Personalwirtschaft Weiterbildungen f\u00fcr berufliche Eignungsdiagnostik in \u00d6sterreich\/Schweiz Ausbildung zum systemischen Berater [&hellip;]<\/p>\n","protected":false},"author":1,"featured_media":0,"parent":74,"menu_order":0,"comment_status":"closed","ping_status":"closed","template":"","meta":[],"_links":{"self":[{"href":"https:\/\/teamup.at\/index.php?rest_route=\/wp\/v2\/pages\/109"}],"collection":[{"href":"https:\/\/teamup.at\/index.php?rest_route=\/wp\/v2\/pages"}],"about":[{"href":"https:\/\/teamup.at\/index.php?rest_route=\/wp\/v2\/types\/page"}],"author":[{"embeddable":true,"href":"https:\/\/teamup.at\/index.php?rest_route=\/wp\/v2\/users\/1"}],"replies":[{"embeddable":true,"href":"https:\/\/teamup.at\/index.php?rest_route=%2Fwp%2Fv2%2Fcomments&post=109"}],"version-history":[{"count":16,"href":"https:\/\/teamup.at\/index.php?rest_route=\/wp\/v2\/pages\/109\/revisions"}],"predecessor-version":[{"id":126,"href":"https:\/\/teamup.at\/index.php?rest_route=\/wp\/v2\/pages\/109\/revisions\/126"}],"up":[{"embeddable":true,"href":"https:\/\/teamup.at\/index.php?rest_route=\/wp\/v2\/pages\/74"}],"wp:attachment":[{"href":"https:\/\/teamup.at\/index.php?rest_route=%2Fwp%2Fv2%2Fmedia&parent=109"}],"curies":[{"name":"wp","href":"https:\/\/api.w.org\/{rel}","templated":true}]}}